Let c(n) = -n**3 - 104*n**2 + 13337*n + 267931. Determine c(-18).
1
Let d(j) = -27*j + 622. Determine d(17).
163
Let f(n) = -n**3 - 34*n**2 - 84*n - 35. What is f(-2)?
5
Let h(j) = 20*j**2 + 1034*j - 12096. Calculate h(10).
244
Let b(l) = -l**3 + 8*l**2 + 97*l - 759. Calculate b(9).
33
Let m(j) = j**3 - 11*j**2 - 40*j + 203. What is m(5)?
-147
Let t(i) = 467*i**2 + 92*i + 3. Give t(0).
3
Let a(k) = -k**2 - 240255*k - 1441507. Calculate a(-6).
-13
Let y(z) = -4*z**2 - 38*z - 541. What is y(-16)?
-957
Let v(s) = -206*s**2 + 3206*s - 30. Calculate v(15).
1710
Let y(p) = -13836*p**2 + 166060*p - 15. What is y(12)?
321
Let t(q) = -163*q + 411. Calculate t(-4).
1063
Let s(z) = -z**3 + 316*z**2 + 4671*z + 341. Calculate s(-14).
-373
Let w(i) = 2*i**3 + 61*i**2 + 453*i + 151. Calculate w(-13).
177
Let h(j) = -j**2 + 3744*j + 658. What is h(0)?
658
Let n(z) = 58578*z - 410043. Give n(7).
3
Let k(d) = 104*d**2 - 11743*d + 56. Calculate k(113).
1073
Let x(b) = b**3 + 448*b**2 - 22724*b - 5. What is x(46)?
-5
Let q(z) = 2*z**2 - 653*z + 35211. Give q(259).
246
Let k(n) = -4*n**2 + 399*n - 4810. Calculate k(12).
-598
Let y(l) = -582*l - 70445. What is y(-121)?
-23
Let q(i) = -7*i**2 - 378*i + 95. Calculate q(-55).
-290
Let u(h) = 181492*h - 3085350. Calculate u(17).
14
Let t(u) = 3*u**3 + 97*u**2 + 239*u + 910. Determine t(-30).
40
Let r(b) = 229398*b - 1835093. Give r(8).
91
Let k(j) = -23*j + 788. Calculate k(37).
-63
Let q(b) = 8*b**2 + 945*b + 1299. Determine q(-117).
246
Let p(g) = -2*g**3 - 122*g**2 + 2466*g - 32. Give p(16).
0
Let q(w) = -17*w**2 - 4*w + 13. Determine q(-6).
-575
Let p(i) = 22*i**2 - 866*i + 250. What is p(39)?
-62
Let y(l) = -36*l**2 + 1919*l - 631. What is y(53)?
-48
Let r(g) = g**3 + 12*g**2 + 37*g + 154. Determine r(-5).
144
Let x(l) = l**3 + 2*l**2 - 56*l + 768. Calculate x(12).
2112
Let d(q) = -12*q**3 + 75*q**2 + 412*q + 4. Give d(-5).
1319
Let r(i) = 318113*i - 2863015. Calculate r(9).
2
Let r(t) = -2*t**2 - 2417*t + 125849. Calculate r(50).
-1
Let u(c) = -1593*c - 9875. Determine u(-6).
-317
Let k(x) = 12169*x - 3200479. Determine k(263).
-32
Let f(w) = w**3 + 193*w**2 + 96*w - 16706. Determine f(-192).
1726
Let g(l) = 4*l**3 + 61*l**2 + 752*l + 11066. Calculate g(-15).
11
Let z(m) = 2*m**2 + 20281*m - 263841. Determine z(13).
150
Let s(o) = -49*o + 1521. Calculate s(41).
-488
Let v(h) = 2*h**3 - 22*h**2 + 2800*h - 22421. What is v(8)?
-405
Let y(l) = 7775*l + 2371377. Calculate y(-305).
2
Let v(i) = -2*i**3 + 265*i**2 + 781*i - 14286. Determine v(135).
24
Let m(o) = 236*o - 15163. Determine m(65).
177
Let c(d) = 77*d**3 - 1160*d**2 + 65*d - 49. Determine c(15).
-199
Let h(a) = -2*a**3 - 35*a**2 + 1566*a + 27763. Calculate h(-18).
-101
Let j(c) = 22*c**2 - 93*c + 395. Give j(7).
822
Let a(t) = -378*t**2 - 29098*t + 621. Determine a(-77).
5
Let y(w) = 599*w - 77936. Determine y(130).
-66
Let w(i) = -20*i**2 + 6195*i - 4621. Give w(309).
14
Let k(p) = 138900*p + 277807. Give k(-2).
7
Let j(n) = -69*n**2 + 462*n + 764. Give j(8).
44
Let x(r) = r**3 + 17*r**2 - 45*r + 739. Give x(-17).
1504
Let l(w) = -4*w**3 + 436*w**2 + 4*w - 1074. Give l(109).
-638
Let i(d) = -8621*d - 60336. Give i(-7).
11
Let f(s) = s**2 + 43*s + 401. Give f(-22).
-61
Let p(a) = -a**3 - 341*a**2 - 10163*a + 177. Determine p(-33).
144
Let h(f) = -12*f**2 + 6391*f + 38783. What is h(-6)?
5
Let v(n) = -n**3 + 58*n**2 + 1435*n + 1015. Calculate v(77).
-1141
Let z(d) = 675*d + 92276. What is z(-137)?
-199
Let z(w) = -3*w**2 + 153846*w - 12901890. Give z(84).
6
Let o(v) = -1065*v - 17154. What is o(-15)?
-1179
Let l(v) = -25*v**2 - 778*v - 4604. Determine l(-6).
-836
Let t(j) = -9*j**3 - 43*j**2 - 13*j - 71. Calculate t(-5).
44
Let h(u) = -512*u**2 - 799*u. Calculate h(-2).
-450
Let d(n) = -1502*n - 572292. Calculate d(-381).
-30
Let c(w) = -51*w**2 + 3622*w - 164. Calculate c(71).
-93
Let g(u) = 7*u**2 - 529*u - 77569. What is g(-74)?
-91
Let v(t) = 16683*t + 800794. What is v(-48)?
10
Let b(s) = 3*s**3 - 405*s**2 + s - 238. Give b(135).
-103
Let j(b) = -5*b**2 - 114026*b + 684201. Give j(6).
-135
Let g(i) = 10*i**2 - 1516*i - 618. Determine g(151).
-1524
Let z(r) = 196*r + 47325. Determine z(-248).
-1283
Let n(q) = q**2 + 475*q - 13332. Calculate n(25).
-832
Let g(u) = u**3 - 66*u**2 + 1059*u + 192. Determine g(38).
2
Let d(i) = i**2 + 91*i - 538. Give d(-97).
44
Let q(t) = -3*t**3 - 38*t**2 - 274*t - 187. Calculate q(-6).
737
Let w(t) = -t**2 - 337*t - 26917. Give w(-130).
-7
Let i(w) = 24*w**2 + 4589*w - 4589. Give i(1).
24
Let l(h) = h**3 + 846*h**2 + 4192*h - 61. Determine l(-5).
4
Let l(d) = 10*d**2 - 1552*d - 13063. Calculate l(-8).
-7
Let t(a) = -6*a**2 - 836*a + 111. Calculate t(-137).
2029
Let d(x) = 1784*x + 28910. What is d(-15)?
2150
Let y(w) = w**2 - 9753*w + 320756. Give y(33).
-4
Let r(u) = 29*u**2 - 2256*u + 3944. What is r(76)?
-8
Let z(r) = 85097*r + 1191338. Give z(-14).
-20
Let v(f) = -f**3 - 71*f**2 - 225*f - 4841. Calculate v(-69).
1162
Let h(r) = -r**3 + 370*r**2 + 93940*r - 43. Give h(-173).
-216
Let m(f) = -f**3 + 85*f**2 - 66*f + 5338. Calculate m(85).
-272
Let g(u) = u**2 + 6746*u - 40517. Determine g(6).
-5
Let q(i) = 12259*i + 735531. Calculate q(-60).
-9
Let q(u) = -608*u**2 + 67*u + 37. Calculate q(-2).
-2529
Let n(q) = -8*q**2 - 831*q - 8724. Give n(-92).
16
Let s(b) = 14*b**3 + 607*b**2 - 394*b + 12. Calculate s(-44).
-76
Let h(g) = -376*g**2 - 5003*g - 1496. What is h(-13)?
-1
Let g(l) = -1961*l + 138467. Determine g(71).
-764
Let b(v) = 3115*v + 330866. Determine b(-106).
676
Let w(s) = s**3 + 696*s**2 - 9293*s + 946. Calculate w(13).
-42
Let c(l) = 1227*l + 974. Give c(-5).
-5161
Let b(m) = 1038025*m + 12456306. Calculate b(-12).
6
Let r(t) = 83*t**2 - 609*t + 7. Determine r(8).
447
Let x(b) = 3323*b - 14969. What is x(4)?
-1677
Let z(j) = -3*j**3 - 34*j**2 - 69*j - 41. Determine z(-9).
13
Let s(u) = -u**3 + 35*u**2 + 1836*u - 65197. What is s(37)?
-3
Let g(n) = 17*n**2 - 710*n - 1413. Determine g(-2).
75
Let p(d) = 6426*d + 726134. Calculate p(-113).
-4
Let h(p) = -p**3 - 346*p**2 - 289*p + 19319. Determine h(-345).
-1
Let g(m) = 284*m - 12842. Give g(45).
-62
Let y(q) = -q**3 - 5*q**2 - 71*q - 281. Calculate y(-4).
-13
Let m(v) = -v**3 + 55*v**2 - 274*v + 31. Determine m(5).
-89
Let w(l) = -10315*l + 2475603. Calculate w(240).
3
Let h(t) = 155*t + 3406. Give h(-22).
-4
Let p(h) = h**2 - 85*h - 14383. Calculate p(170).
67
Let s(f) = 7*f**3 + 220*f**2 - 392*f - 80. Calculate s(-33).
877
Let k(q) = 2174*q + 67373. What is k(-31)?
-21
Let h(x) = -155*x**3 + 327*x + 327. What is h(-1)?
155
Let k(d) = 11259*d - 22501. What is k(2)?
17
Let j(s) = -s**3 + 23*s**2 - 121*s - 11. Calculate j(6).
-125
Let u(m) = -m**2 - 431*m - 17087. Give u(-387).
-59
Let p(b) = -b**3 - 377*b**2 + 4216*b - 20274. Give p(-388).
-98
Let t(g) = 54*g**2 - 1079*g - 24. Calculate t(22).
2374
Let d(p) = -62*p + 1369. Give d(22).
5
Let y(p) = p**2 + 20*p - 4419. Give y(58).
105
Let t(b) = -b**3 + 15*b**2 - 420*b + 5167. Determine t(13).
45
Let k(j) = 121*j + 15775. Determine k(-123).
892
Let g(y) = y**3 - 343*y**2 - 44289*y - 4871. What is g(443)?
2
Let j(q) = -19301*q**2 - 135086*q + 70. What is j(-7)?
-77
Let c(x) = 174085*x + 696338. Calculate c(-4).
-2
Let v(s) = -s**3 + 41*s**2 + 1277*s + 4381. Determine v(-4).
-7
Let f(d) = 46*d**2 + 278*d + 1101. Calculate f(-4).
725
Let g(o) = -386*o - 2217. Give g(-6).
99
Let j(n) = 13*n**2 - 3069*n + 203. Determine j(236).
-33
Let t(m) = -m**3 + 230*m**2 + 1179*m - 422232. Determine t(227).
-12
Let j(p) = -16260*p - 1398356. What is j(-86)?
4
Let b(m) = 5*m**3 + 148*m + 664. Give b(-4).
-248
Let h(l) = -11*l**3 + 33*l**2 - 118*l + 14. Determine h(5).
-1126
Let l(b) = -170714*b + 512089. Determine l(3).
-53
Let g(q) = 6308*q - 31573. Give g(5).
-33
Let i(f) = -f**2 - 55078*f + 716181. Give i(13).
-2
Let x(r) = r**2 - 63*r + 2512. What is x(0)?
2512
Let n(l) = -326*l**2 - 25107*l - 349. Determine n(-77).
36
Let z(v) = v**3 + 52*v**2 + 372*v - 412. Give z(-10).
68
Let j(i) = 3370*i + 169244. Give j(-50).
744
Let i(s) = -16560*s - 115895. What is i(-7)?
25
Let l(z) = 7609*z - 144601. Determine l(19).
-30
Let t(w) = 6432*w + 5911. Calculate t(-1).
-521
Let x(r) = r**3 + 471*r**2 - 2377*r + 1450. What is x(-476)?
22